the prime factors of 846737?
523, 1619
List the prime factors of 354162.
2, 3, 67, 881
What are the prime factors of 118188?
2, 3, 7, 67
What are the prime factors of 652859?
19, 34361
List the prime factors of 200742.
2, 3, 33457
What are the prime factors of 349657?
7, 11, 19, 239
List the prime factors of 11076573.
3, 433, 8527
What are the prime factors of 630286?
2, 29, 10867
What are the prime factors of 7943650?
2, 5, 11, 13, 101
What are the prime factors of 30330?
2, 3, 5, 337
What are the prime factors of 2703551?
2703551
List the prime factors of 184074.
2, 3, 11, 2789
List the prime factors of 7938869.
149, 53281
List the prime factors of 1045104.
2, 3, 21773
List the prime factors of 1446209.
733, 1973
List the prime factors of 7291653.
3, 2430551
List the prime factors of 3060772.
2, 11, 13, 5351
List the prime factors of 538359.
3, 179453
List the prime factors of 331364.
2, 11, 17, 443
List the prime factors of 1640774.
2, 23, 53, 673
What are the prime factors of 4498161?
3, 29, 149, 347
What are the prime factors of 19776655?
5, 3955331
List the prime factors of 160236.
2, 3, 4451
List the prime factors of 13269036.
2, 3, 11, 100523
List the prime factors of 259559.
19, 719
What are the prime factors of 109726?
2, 83, 661
List the prime factors of 461471.
53, 8707
List the prime factors of 188758.
2, 94379
What are the prime factors of 15307566?
2, 3, 37, 53, 1301
What are the prime factors of 5041223?
11, 61, 683
List the prime factors of 20650634.
2, 41, 71, 3547
List the prime factors of 7142489.
23, 443, 701
List the prime factors of 3693440.
2, 5, 29, 199
What are the prime factors of 783456?
2, 3, 8161
What are the prime factors of 46593?
3, 31, 167
List the prime factors of 1400641.
11, 127331
List the prime factors of 19305690.
2, 3, 5, 643523
List the prime factors of 17424975.
3, 5, 232333
What are the prime factors of 66357?
3, 73, 101
What are the prime factors of 257753?
113, 2281
List the prime factors of 5501042.
2, 59, 46619
What are the prime factors of 265063?
73, 3631
List the prime factors of 6014854.
2, 1031, 2917
List the prime factors of 1800022.
2, 7, 19, 67, 101
What are the prime factors of 6854914?
2, 11, 53, 5879
What are the prime factors of 76336?
2, 13, 367
List the prime factors of 27837.
3, 1031
List the prime factors of 24313683.
3, 8104561
What are the prime factors of 14262478?
2, 547, 13037
What are the prime factors of 2820687?
3, 940229
List the prime factors of 21936340.
2, 5, 1096817
What are the prime factors of 24960441?
3, 11, 137, 5521
What are the prime factors of 229471?
11, 23, 907
What are the prime factors of 269008?
2, 17, 23, 43
List the prime factors of 2448840.
2, 3, 5, 20407
What are the prime factors of 4015555?
5, 19, 43, 983
What are the prime factors of 5255619?
3, 179, 9787
List the prime factors of 3770326.
2, 7, 43, 6263
What are the prime factors of 19731307?
19731307
List the prime factors of 71630.
2, 5, 13, 19, 29
List the prime factors of 549746.
2, 17, 19, 23, 37
List the prime factors of 250018.
2, 41, 3049
What are the prime factors of 248368?
2, 19, 43
List the prime factors of 81718.
2, 7, 13, 449
List the prime factors of 852681.
3, 284227
List the prime factors of 437840.
2, 5, 13, 421
What are the prime factors of 278462?
2, 37, 53, 71
List the prime factors of 5934.
2, 3, 23, 43
List the prime factors of 470046.
2, 3, 78341
List the prime factors of 13962463.
13962463
What are the prime factors of 150363?
3, 5569
List the prime factors of 4418787.
3, 1472929
What are the prime factors of 2713863?
3, 17, 127, 419
List the prime factors of 1343558.
2, 671779
List the prime factors of 18239795.
5, 7, 521137
List the prime factors of 19281411.
3, 31, 69109
What are the prime factors of 2137251?
3, 712417
List the prime factors of 300199.
317, 947
List the prime factors of 226414.
2, 79, 1433
List the prime factors of 271796.
2, 7, 17, 571
What are the prime factors of 5485995?
3, 5, 40637
What are the prime factors of 791407?
19, 23, 1811
What are the prime factors of 2015795?
5, 403159
What are the prime factors of 3082426?
2, 89, 17317
What are the prime factors of 162851?
13, 12527
What are the prime factors of 278822?
2, 109, 1279
List the prime factors of 4041811.
31, 241, 541
List the prime factors of 13222073.
17, 777769
What are the prime factors of 47582?
2, 37, 643
What are the prime factors of 1839167?
11, 167197
List the prime factors of 372673.
7, 53239
List the prime factors of 427517.
427517
What are the prime factors of 4404795?
3, 5, 103, 2851
What are the prime factors of 66214?
2, 33107
What are the prime factors of 306354?
2, 3, 51059
List the prime factors of 241023.
3, 80341
What are the prime factors of 895060?
2, 5, 44753
List the prime factors of 152698.
2, 7, 13, 839
What are the prime factors of 1494927?
3, 7, 61, 389
List the prime factors of 7865354.
2, 7, 19, 29569
List the prime factors of 9570729.
3, 7, 71, 131
List the prime factors of 413353.
413353
List the prime factors of 435385.
5, 19, 4583
What are the prime factors of 1725252?
2, 3, 109, 1319
What are the prime factors of 327889?
327889
List the prime factors of 8374714.
2, 23, 182059
List the prime factors of 10570960.
2, 5, 132137
List the prime factors of 5937543.
3, 73303
List the prime factors of 1264561.
1264561
List the prime factors of 93520.
2, 5, 7, 167
What are the prime factors of 208877?
208877
What are the prime factors of 9803206?
2, 7, 700229
List the prime factors of 728153.
491, 1483
What are the prime factors of 1849800?
2, 3, 5, 3083
List the prime factors of 3565032.
2, 3, 41, 3623
List the prime factors of 675280.
2, 5, 23, 367
What are the prime factors of 5761485?
3, 5, 128033
What are the prime factors of 245366?
2, 11, 19, 587
What are the prime factors of 25861927?
7, 13, 37, 7681
List the prime factors of 721820.
2, 5, 11, 17, 193
List the prime factors of 27064.
2, 17, 199
List the prime factors of 463455.
3, 5, 3433
List the prime factors of 1280382.
2, 3, 213397
What are the prime factors of 291388?
2, 97, 751
List the prime factors of 1753647.
3, 7, 113, 739
List the prime factors of 1221292.
2, 101, 3023
List the prime factors of 22862825.
5, 914513
List the prime factors of 3692114.
2, 1846057
What are the prime factors of 673501?
61, 181
List the prime factors of 867658.
2, 11, 39439
List the prime factors of 8589814.
2, 47, 91381
List the prime factors of 4785728.
2, 37, 43, 47
What are the prime factors of 82044?
2, 3, 43, 53
What are the prime factors of 12015841?
61, 281, 701
What are the prime factors of 6068624?
2, 379289
What are the prime factors of 4578947?
4578947
List the prime factors of 2900725.
5, 29, 4001
What are the prime factors of 120950?
2, 5, 41, 59
List the prime factors of 286360.
2, 5, 7159
What are the prime factors of 341971?
7, 997
List the prime factors of 421893.
3, 46877
What are the prime factors of 478944?
2, 3, 1663
List the prime factors of 1283723.
7, 183389
List the prime factors of 3155928.
2, 3, 131497
What are the prime factors of 3493903?
7, 499129
What are the prime factors of 184009?
7, 97, 271
What are the prime factors of 117262?
2, 58631
List the prime factors of 1224430.
2, 5, 122443
List the prime factors of 10656295.
5, 13, 12611
List the prime factors of 2512426.
2, 7, 31, 827
What are the prime factors of 8736134?
2, 11, 29, 13693
List the prime factors of 4645923.
3, 1548641
List the prime factors of 281725.
5, 59, 191
What are the prime factors of 725068?
2, 109, 1663
What are the prime factors of 860273?
263, 3271
What are the prime factors of 24059303?
1187, 20269
List the prime factors of 2834275.
5, 113371
List the prime factors of 224292.
2, 3, 18691
List the prime factors of 255310.
2, 5, 11, 211
What are the prime factors of 33242547?
3, 13, 59, 14447
List the prime factors of 645408.
2, 3, 83
What are the prime factors of 6900720?
2, 3, 5, 28753
List the prime factors of 553153.
553153
List the prime factors of 634164.
2, 3, 43, 1229
List the prime factors of 593578.
2, 449, 661
What are the prime factors of 15042044?
2, 3760511
List the prime factors of 4122917.
599, 6883
List the prime factors of 18405993.
3, 6135331
List the prime factors of 5580850.
2, 5, 11, 73, 